
Suppose -287 = 4*n + n - 3*o, -2*o - 2 = 0. Let i = 70 + n. Calculate the greatest common factor of 84 and i.
12
Suppose 0 = -4*j + s + 126 + 1083, 4*j - 1179 = -5*s. Suppose x + 77 = t + 3*x, -x = 4*t - j. What is the highest common divisor of 15 and t?
15
Let u(w) = 5*w + 2. Suppose -7*v = -8*v - 2. Let m = 16 + v. Let k be u(m). What is the greatest common divisor of k and 8?
8
Let h(a) = a**3 - 44*a**2 - 27*a + 110. Let r be h(45). What is the highest common factor of 80 and r?
40
Suppose 0 = -3*o + 31 + 77. Let d be (-5)/2*(-296)/10. Suppose -d = -p + 16. Calculate the highest common factor of o and p.
18
Suppose 5*s - 233 = 8 + 39. Suppose 0*j + 4*j - 28 = 0. Calculate the highest common factor of j and s.
7
Suppose -3*y = 4*y - 189. Let r be 10/(-30) + (-2)/3. Let z be r + 1 - (-12)/4. Calculate the greatest common factor of z and y.
3
Suppose 43*i + 96 = 45*i. Let j = 30 + -6. What is the greatest common divisor of i and j?
24
Suppose -w + 5*u + 21 = 0, -3*w - 83 = -8*w + 3*u. Calculate the highest common factor of 1424 and w.
16
Suppose 3*l - 2*v + 0*v = -17, 3*l + 2*v + 25 = 0. Let t = 35 - l. Calculate the greatest common divisor of 336 and t.
42
Suppose 39*w + 168 = 46*w. Calculate the greatest common factor of w and 108.
12
Suppose 4*a + 105 = -a. Let b be 6*(a/(-9) - -3). Suppose -3*v = g - b, 5*g - 144 = 2*v - 52. What is the greatest common factor of g and 4?
4
Suppose -1908 = -39*w - 621. Calculate the greatest common factor of w and 15.
3
Let i = -697 + 723. What is the greatest common divisor of i and 26?
26
Let c = -10 - -14. Suppose 29 + 9 = 3*g - 4*y, 0 = g - c*y - 10. Calculate the greatest common divisor of g and 7.
7
Let a(b) = 198*b - 970. Let w be a(5). Calculate the greatest common divisor of 208 and w.
4
Suppose 4*n - 58 = 74. Let j be -3*(-8)/(-12) + 5. Calculate the greatest common divisor of n and j.
3
Let t be 2/((-6)/(-33)) - -3. Let u = -575 + 603. What is the greatest common divisor of u and t?
14
Let f(h) = -h**2 + 8*h + 14. Let b be f(7). Let l(x) = 8*x - 1 - b*x - 12*x. Let t be l(-1). What is the greatest common divisor of t and 216?
24
Let l(v) = 2*v + 16. Let g be l(-6). Let w(o) = -3 - 5*o + 9*o + g*o**2 + 6*o - 3*o**2. Let a be w(-11). What is the greatest common factor of a and 8?
8
Let h(b) = 4*b + 7. Let u(j) = -40*j + 27*j - 7 - 13. Let l(g) = 17*h(g) + 6*u(g). Let q be l(-1). Calculate the highest common factor of q and 3.
3
Let a = 689 + -491. Suppose -4*m + 241 = -5*b, -m + 2*b - a = -4*m. Calculate the greatest common divisor of m and 8.
8
Let r(b) = -b**3 - 16*b**2 - 2*b - 20. Let d be r(-16). Let o be 115/20 - (-15)/d. Calculate the greatest common divisor of o and 7.
7
Let n(a) = -a**2 - 9*a + 45. Let m be n(-12). Calculate the greatest common factor of m and 36.
9
Suppose 12*w - 8*w - 810 = 3*u, -5*w = -5*u - 1010. What is the highest common divisor of 36 and w?
12
Let g(x) = -57*x + 1. Let h be g(-1). Suppose 3*a + 1 = h. What is the greatest common divisor of a and 209?
19
Suppose 2*r - 4*a - 42 = 0, -5*a = 5*r - 2*r - 107. Calculate the greatest common factor of r and 29.
29
Let r = 163 - 52. Suppose 3*j = h + r, 6 + 0 = -2*h. What is the highest common factor of j and 24?
12
Let n be 13*(105 + -12 + 2). Calculate the highest common factor of n and 65.
65
Suppose 109*d - 45 = 112*d. Let c = -5 - d. Calculate the greatest common factor of c and 2.
2
Let o be (-3)/(18/4)*6. Let d(b) = -b**2 + 1. Let u be d(o). Let m be 0 + (-5)/(u/27). Calculate the greatest common divisor of m and 6.
3
Suppose -6*k = -844 - 1208. Let n be (4/6)/((-1)/(-57)). Calculate the greatest common factor of n and k.
38
Let n be 6/4*2532/9. Let i be (0 + -1)*2/4*-4. Suppose -i*x - 142 = -n. Calculate the highest common factor of 14 and x.
14
Suppose 3*r + 15 = 8*r, -i = 2*r - 218. What is the greatest common divisor of 53 and i?
53
Let h = 41 - 36. Suppose -5*u + h = -5. Let q be (u + 1)/(-12)*-28. What is the greatest common factor of q and 7?
7
Let h be (-2)/9 + -4 + (-6848)/(-36). Calculate the greatest common divisor of h and 6.
6
Suppose 50*y + 10 = 55*y. Suppose -5*q = -0*j + 5*j - 40, 5*j - 31 = -y*q. Let s = 0 - -1. What is the highest common divisor of s and q?
1
Suppose -3*k - 5*p + 185 = 0, 4*k - 275 = 4*p - 5*p. Calculate the greatest common divisor of 175 and k.
35
Let j be (-2)/8 - ((-1890)/(-8))/(-9). Suppose 4*r + 27 - 203 = 0. Let o = 148 - r. Calculate the highest common divisor of j and o.
26
Let p(t) = 39*t**3 + t - 1. Let i be p(1). Let s = 56 - i. Calculate the highest common factor of 187 and s.
17
Suppose -31*h + 381 + 332 = 0. What is the greatest common divisor of h and 69?
23
Suppose 37*a + 1581 = 7057. What is the greatest common divisor of 407 and a?
37
Suppose -7701*n = -7711*n + 210. What is the highest common divisor of n and 161?
7
Suppose -2*q + 191 = 1. Calculate the greatest common divisor of q and 19.
19
Suppose -702 = -3*q + 594. Suppose -90 = 9*j - q. What is the highest common divisor of 19 and j?
19
Let a = 394 - 244. Let t(k) = -k**3 + k**2 - k + 60. Let v be t(0). What is the greatest common factor of v and a?
30
Let d be (3 - (6 - 3))/1. Suppose 0 = 4*s - l - 239, d = s - 3*l - l - 56. Let u = -19 + 43. What is the highest common divisor of u and s?
12
Let v = 27 + -10. Let n = 102 - v. Calculate the greatest common factor of 17 and n.
17
Let j be 3*1*(7 - -1). Suppose 0 = 3*v - 5*y + 2*y - 291, 5*v = -3*y + 477. Let a be v/8 + 2*2. What is the highest common factor of a and j?
8
Let l(w) = -3*w - 8. Let y be l(-5). Suppose -4 = -b, -4*p - 1 = -5*b + y. What is the greatest common divisor of 15 and p?
3
Let d = -8 - -2. Let m be 2/6 + (-208)/d. Suppose 0 = l - m - 90. What is the greatest common divisor of l and 25?
25
Suppose 96*z - 23*z - 3358 = 0. Calculate the highest common factor of 1794 and z.
46
Let b be 1*-87*(-3)/9 - 4. Let x(j) be the first derivative of 2*j**3/3 + 3*j**2/2 + 3*j + 1. Let l be x(-2). Calculate the highest common factor of l and b.
5
Let s be 3 + -5 - 2 - (1 + -79). What is the highest common divisor of 37 and s?
37
Let i = -275 - -284. Calculate the highest common divisor of 12 and i.
3
Suppose 0 = 2*w + 4*w. Let y be w - (-5 - -3)*-2. Let a = 7 - y. What is the highest common divisor of 33 and a?
11
Suppose 8*u - 323 = -211. Calculate the greatest common factor of 2506 and u.
14
Let c(s) = 3*s**2 - 4*s - 4. Let w be c(4). Suppose 2*t - 96 = 5*t + 5*q, t - 5*q + 52 = 0. Let h = -23 - t. What is the highest common factor of h and w?
14
Let n = -179 + 184. Calculate the highest common factor of 5 and n.
5
Let p be 21/(-28) - 777/(-12). What is the greatest common divisor of 224 and p?
32
Suppose 24 = 5*n - 6. Suppose 990 = 52*d + 14*d. What is the highest common factor of n and d?
3
Suppose 0 = -162*a + 160*a - 200. Let m = a + 119. Calculate the greatest common divisor of m and 323.
19
Let s = -17 + 19. Suppose o + 2 = 4*w - 14, 13 = -3*o + 5*w. Calculate the highest common divisor of s and o.
2
Let s(h) = 4*h + 41. Let z be s(-5). Suppose 9*a = 16*a - z. Calculate the highest common divisor of a and 33.
3
Let c = -771 + 805. Calculate the greatest common divisor of 102 and c.
34
Let o(b) = 3*b - 13 - 2*b + 34. Let v = -245 - -245. Let f be o(v). What is the greatest common factor of f and 84?
21
Suppose 2*y + 6 = 10, 5*w + 6*y = 312. Calculate the highest common divisor of w and 480.
60
Let t(v) = -v**3 - 10*v**2 + 12*v + 15. Let g be t(-11). Let u be (5 + -8)/((-3)/g). What is the greatest common factor of 10 and u?
2
Let w = -1215 + 1292. What is the highest common divisor of w and 112?
7
Let p(f) = -f + 11. Let q be p(-5). Suppose t - q = -0*t. What is the greatest common factor of t and 2?
2
Let p(t) = -2*t + 13. Let m be p(6). Let a(n) = -1 + m + 6*n + 3 - n**2. Let j be a(3). What is the highest common factor of j and 3?
3
Suppose -10 + 10 = -2*w. Suppose w = -3*u + 2*f + 241, 2*u + 2*f - 326 = -2*u. Calculate the highest common divisor of u and 9.
9
Let x(z) = 25*z - 212. Let n be x(11). Calculate the greatest common divisor of 14 and n.
7
Let g(a) = -4*a - 2. Let b be g(-6). Suppose 0 = -4*k - t + 21 + 14, t - 19 = -2*k. Suppose -k = -5*w + b. Calculate the highest common divisor of w and 6.
6
Let u be 5/(-150)*-18*25. Calculate 